{"id":321,"date":"2025-02-03T15:34:06","date_gmt":"2025-02-03T20:34:06","guid":{"rendered":"https:\/\/cienciadigitaleditorial.com\/congresos\/?page_id=321"},"modified":"2025-02-04T09:30:50","modified_gmt":"2025-02-04T14:30:50","slug":"mi-cuenta","status":"publish","type":"page","link":"https:\/\/cienciadigitaleditorial.com\/congresos\/mi-cuenta\/","title":{"rendered":"Mi cuenta"},"content":{"rendered":"\t\t<div data-elementor-type=\"wp-page\" data-elementor-id=\"321\" class=\"elementor elementor-321\">\n\t\t\t\t<div class=\"elementor-element elementor-element-613bd6d e-flex e-con-boxed e-con e-parent\" data-id=\"613bd6d\" data-element_type=\"container\" id=\"xs_cta_style_16\">\n\t\t\t\t\t<div class=\"e-con-inner\">\n\t\t\t\t<div class=\"elementor-element elementor-element-4e76c204 elementor-widget elementor-widget-elementskit-heading\" data-id=\"4e76c204\" data-element_type=\"widget\" data-widget_type=\"elementskit-heading.default\">\n\t\t\t\t<div class=\"elementor-widget-container\">\n\t\t\t\t\t<div class=\"ekit-wid-con\" ><div class=\"ekit-heading elementskit-section-title-wraper text_left   ekit_heading_tablet-   ekit_heading_mobile-\"><h2 class=\"ekit-heading--title elementskit-section-title \">Mi cuenta<\/h2><div class=\"ekit_heading_separetor_wraper ekit_heading_elementskit-border-divider\"><div class=\"elementskit-border-divider\"><\/div><\/div>\t\t\t\t<div class='ekit-heading__description'>\n\t\t\t\t\t<p><span style=\"font-weight: 400\">Lista de ponencias subidas<br \/><\/span><\/p>\n\t\t\t\t<\/div>\n\t\t\t<\/div><\/div>\t\t\t\t<\/div>\n\t\t\t\t<\/div>\n\t\t\t\t\t<\/div>\n\t\t\t\t<\/div>\n\t\t<div class=\"elementor-element elementor-element-e528178 e-con-full e-flex e-con e-parent\" data-id=\"e528178\" data-element_type=\"container\">\n\t\t<div class=\"elementor-element elementor-element-e66a480 e-con-full e-flex e-con e-child\" data-id=\"e66a480\" data-element_type=\"container\">\n\t\t\t\t<div class=\"elementor-element elementor-element-5a2a837 elementor-widget__width-initial elementor-widget elementor-widget-html\" data-id=\"5a2a837\" data-element_type=\"widget\" data-widget_type=\"html.default\">\n\t\t\t\t<div class=\"elementor-widget-container\">\n\t\t\t\t\t<script src=\"https:\/\/code.jquery.com\/jquery-1.10.2.js\"><\/script>\n\n<script type=\"text\/javascript\" src=\"https:\/\/cienciadigitaleditorial.com\/congresos\/js\/gestion\/loada.js\"><\/script>\n\n<div id=\"aut\" style=\"display:none;\">\n<div class=\"wp-block-button is-style-outline\"><a class=\"wp-block-button__link has-background has-quinary-background-color ppsClickBinded\" href=\"https:\/\/cienciadigitaleditorial.com\/congresos\/subida\/\">+ A\u00f1adir nueva ponencia <\/a><\/div>\n<br><\/br>\n <table id=\"archivos\" class=\" tabla table-striped table-hover table-sm table-bordered\">\n  <tr><th bgcolor=\"#d5d5d5 \"><strong>N\u00ba<\/strong><\/th><th bgcolor=\"#d5d5d5 \"><strong>Titulo del articulo<\/strong><\/th><th bgcolor=\"#d5d5d5 \"><strong>Autores<\/strong><\/th><th bgcolor=\"#d5d5d5 \"><strong>Progreso de publicaci\u00f3n<\/strong><\/th><th bgcolor=\"#d5d5d5 \"><strong>Estado<\/strong><\/th><th bgcolor=\"#d5d5d5 \"><strong>Opciones del art\u00edculo<\/strong><\/th><\/tr>\n<\/table>\n<\/div>\n<div id=\"sus\" style=\"display:none;\">\n    <h4>Bienvenido al congreso INSPIRA 2025<\/h4>\n    <label>Gracias por inscribirte como asistente y ser parte de este congreso de de coaching, educaci\u00f3n, innovaci\u00f3n, tecnolog\u00eda & marketing: impulsando el liderazgo del futuro<\/label>\n<\/div>\t\t\t\t<\/div>\n\t\t\t\t<\/div>\n\t\t\t\t<\/div>\n\t\t<div class=\"elementor-element elementor-element-45ec842 e-con-full e-flex e-con e-child\" data-id=\"45ec842\" data-element_type=\"container\">\n\t\t\t\t<div class=\"elementor-element elementor-element-33a3ab8 elementor-widget elementor-widget-heading\" data-id=\"33a3ab8\" data-element_type=\"widget\" data-widget_type=\"heading.default\">\n\t\t\t\t<div class=\"elementor-widget-container\">\n\t\t\t\t\t<h4 class=\"elementor-heading-title elementor-size-default\">Mi perfil<\/h4>\t\t\t\t<\/div>\n\t\t\t\t<\/div>\n\t\t\t\t<div class=\"elementor-element elementor-element-2ade03f elementor-icon-list--layout-traditional elementor-list-item-link-full_width elementor-widget elementor-widget-icon-list\" data-id=\"2ade03f\" data-element_type=\"widget\" data-widget_type=\"icon-list.default\">\n\t\t\t\t<div class=\"elementor-widget-container\">\n\t\t\t\t\t\t\t<ul class=\"elementor-icon-list-items\">\n\t\t\t\t\t\t\t<li class=\"elementor-icon-list-item\">\n\t\t\t\t\t\t\t\t\t\t<span class=\"elementor-icon-list-text\">Configuraci\u00f3n<\/span>\n\t\t\t\t\t\t\t\t\t<\/li>\n\t\t\t\t\t\t\t\t<li class=\"elementor-icon-list-item\">\n\t\t\t\t\t\t\t\t\t\t<span class=\"elementor-icon-list-text\">Certificados<\/span>\n\t\t\t\t\t\t\t\t\t<\/li>\n\t\t\t\t\t\t<\/ul>\n\t\t\t\t\t\t<\/div>\n\t\t\t\t<\/div>\n\t\t\t\t<\/div>\n\t\t\t\t<\/div>\n\t\t\t\t<\/div>\n\t\t","protected":false},"excerpt":{"rendered":"<p>Mi cuenta Lista de ponencias subidas + A\u00f1adir nueva ponencia N\u00ba Titulo del articulo Autores Progreso de publicaci\u00f3n Estado Opciones del art\u00edculo Bienvenido al congreso INSPIRA 2025 Gracias por inscribirte como asistente y ser parte de este congreso de de coaching, educaci\u00f3n, innovaci\u00f3n, tecnolog\u00eda &#038; marketing: impulsando el liderazgo del futuro Mi perfil Configuraci\u00f3n Certificados<\/p>\n","protected":false},"author":1,"featured_media":0,"parent":0,"menu_order":0,"comment_status":"closed","ping_status":"closed","template":"elementor_header_footer","meta":{"footnotes":""},"class_list":["post-321","page","type-page","status-publish","hentry"],"_links":{"self":[{"href":"https:\/\/cienciadigitaleditorial.com\/congresos\/wp-json\/wp\/v2\/pages\/321","targetHints":{"allow":["GET"]}}],"collection":[{"href":"https:\/\/cienciadigitaleditorial.com\/congresos\/wp-json\/wp\/v2\/pages"}],"about":[{"href":"https:\/\/cienciadigitaleditorial.com\/congresos\/wp-json\/wp\/v2\/types\/page"}],"author":[{"embeddable":true,"href":"https:\/\/cienciadigitaleditorial.com\/congresos\/wp-json\/wp\/v2\/users\/1"}],"replies":[{"embeddable":true,"href":"https:\/\/cienciadigitaleditorial.com\/congresos\/wp-json\/wp\/v2\/comments?post=321"}],"version-history":[{"count":22,"href":"https:\/\/cienciadigitaleditorial.com\/congresos\/wp-json\/wp\/v2\/pages\/321\/revisions"}],"predecessor-version":[{"id":357,"href":"https:\/\/cienciadigitaleditorial.com\/congresos\/wp-json\/wp\/v2\/pages\/321\/revisions\/357"}],"wp:attachment":[{"href":"https:\/\/cienciadigitaleditorial.com\/congresos\/wp-json\/wp\/v2\/media?parent=321"}],"curies":[{"name":"wp","href":"https:\/\/api.w.org\/{rel}","templated":true}]}}